 p*j(t) - 3*c(t). Calculate d(r).
-3
Let f(v) = -v**2 + 3*v**2 + 6 + 2*v - v**2 + v. Give f(-4).
10
Let w(z) = 4*z**3 + 5*z**2 - 6*z + 2. Let j(t) = -t**3 - t**2 + t. Let d(f) = 5*j(f) + w(f). What is d(0)?
2
Let p be (4 - 3)*8/2. Let t(v) = 2*v - 3*v - p*v - v**2 + 0*v**2 + 1. What is t(-4)?
5
Let l = -3 - 6. Let s = l - -7. Let h(d) = 2*d**3 + 4*d**2 + 2*d. Calculate h(s).
-4
Let x be (-4)/(-2)*(1 + 1). Let r(g) = g - 1. Let z be r(4). Let v(f) = -z + f + 4*f - f**2 - 2*f. What is v(x)?
-7
Let s(n) be the second derivative of n**4/12 + 11*n**3/6 + 5*n**2/2 + 3*n - 9. What is s(-10)?
-5
Let d(y) = -y + 15. Let f(l) = -l + 15. Let n(i) = -3*d(i) + 4*f(i). Let m be n(14). Let w(x) = 13*x. Determine w(m).
13
Let s(a) be the third derivative of -1/3*a**3 + 0 + 0*a + 1/24*a**4 - 3*a**2. Suppose 0 = -3*b + 3*c, 0 = b + c + 8 + 2. Give s(b).
-7
Let o = -64 + 68. Let h(u) = u**3 - 4*u**2 + 3*u - 2. Give h(o).
10
Suppose v - l = 0, 0 = 5*l - 10*l + 15. Let o(x) = -4*x. Give o(v).
-12
Let l(q) be the first derivative of q**2 + 4*q - 25. What is l(-6)?
-8
Suppose -4*i - 8 + 3 = a, a + 2*i + 3 = 0. Let p(l) = 6*l**2 - 1. What is p(a)?
5
Let o(z) = -13*z**3 + 2*z - 1. Suppose -k - 2 = -3*k. Suppose 1 = 2*h - k. Determine o(h).
-12
Let n(p) = -p**3 - 11*p**2 + 13*p + 18. Let i be n(-12). Let r(m) = i - m - 7 - 8 + 0*m. Give r(-5).
-4
Let t(d) = -d**2 - d + 2. Let z be 2/(-2 - 8/(-6)). Let f = z + 5. Determine t(f).
-4
Let s = 4 - -1. Let j(b) = -10 - 3*b**3 + 4*b**3 + 5*b + 13 + s*b**2. What is j(-4)?
-1
Let l = 64 + -68. Let t(p) = -p**3 - 3*p**2 - 5. Give t(l).
11
Let x(y) = -y**3 - y + 1. Let q(z) = -z**3 + 7*z**2 - 7*z - 2. Let p be q(6). Let h(f) = f + 9. Let k be h(p). Calculate x(k).
-1
Suppose -4*j + j + 12 = 0. Let q(t) = -3*t + j + 1 - 6. Calculate q(2).
-7
Let c(z) = z**3 - z**2 + z. Let o(q) = 3*q**3 + 3*q**2 + 4*q + 5. Let y be (-1 - -1) + -4 + 3. Let i(v) = y*o(v) + 2*c(v). Let a = 11 + -16. Determine i(a).
5
Let b be (-3)/(-2)*(3 + -1). Suppose -2*l - 2 = -4*z, -14 = z + b*l + 3. Let r(m) = 2*m. Let a(g) = -g. Let v(p) = 3*a(p) + 3*r(p). What is v(z)?
-6
Let z be (14/42)/(1/6). Let s(q) be the first derivative of -3*q**2/2 + 3*q - 1. Determine s(z).
-3
Let j(v) = -v + 5. Let r = -14 + 19. Calculate j(r).
0
Let i(p) be the second derivative of -2*p**5/5 + p**3/6 - 8*p. Calculate i(1).
-7
Let t(w) be the first derivative of -w**5/30 - 5*w**4/24 - w**3/3 - w**2 + 3. Let v(f) be the second derivative of t(f). Determine v(-3).
-5
Let r(v) = -10*v + 5. Let q(p) = 9*p - 4. Let x(w) = 4*q(w) + 3*r(w). Determine x(-2).
-13
Let v(z) = -2*z**2 - 8*z. Let d(q) = 2*q**2 + 9*q. Suppose 0 = -5*r - 3*j - 23, 2*j = 3*r - r + 6. Let n(p) = r*d(p) - 5*v(p). Give n(-3).
6
Let r(v) = -4*v**2 - 6*v - 1. Let z(t) = 5*t**2 + 7*t. Let y(c) = 4*r(c) + 3*z(c). Suppose -3*p - 10 = 2. Determine y(p).
-8
Suppose 3*h = 7*h - 12. Let b(p) = -3*p - 4*p**2 - p**3 + 1 + 2*p**h + 3*p - 6*p. Suppose -z = -3*z + 10. Determine b(z).
-4
Let j(u) be the second derivative of -u**3/6 - u**2/2 - 14*u. Give j(6).
-7
Let b = 31 + -17. Let v = -14 + b. Let j(o) = o**2 + 1. What is j(v)?
1
Let w(d) = -d**2 + d + 2. Let s = 11 - 8. Determine w(s).
-4
Suppose 2*c = c - 5*p - 9, 10 = -2*c - 2*p. Let x(i) be the third derivative of i**6/120 + i**5/10 + 5*i**4/24 - i**3/3 + i**2. Give x(c).
10
Suppose 0 = -2*t + 4, 2*u = 4*u + 5*t - 12. Let b be 1/(0 - -1*u). Let k(d) = -3*d**2 - 18*d + 17*d + 3*d**2 - 2*d**2. What is k(b)?
-3
Suppose 1 = 3*n - 2*n. Let s(d) = -2 + 2 + 0 + n - d**2. Suppose j + v = -2, -j + 2 = -v - 0*v. Give s(j).
1
Let l be -4 - (-2 - 4/2). Let u(z) = l*z + z**2 + 0*z**2 - 2*z. Give u(2).
0
Let d(r) = 3*r**2 - 4 - 5*r**3 + 4*r**3 + 2. What is d(3)?
-2
Let i(j) = -j + 3. Let c(o) = -o**3 + o**2 + o - 1. Let u be c(2). Determine i(u).
6
Let n(g) be the second derivative of g**5/4 + g**4/6 - g**2/2 + 3*g. Give n(-1).
-4
Let c be 96/54 - (-2)/9. Let h(n) = 3*n - 2. Let k be h(c). Let w(p) = -p**3 + 5*p**2 - p - 4. Calculate w(k).
8
Let c(d) = -d - 2. Let v(w) = 11*w + 1. Let z be v(-1). Let j(h) = -6 + 2 + 3. Let a(m) = z*j(m) + 4*c(m). Determine a(2).
-6
Let i(s) = 6*s**2 - 3*s - 13. Let v(o) = -5*o**2 + 4*o + 12. Let a(h) = 4*i(h) + 5*v(h). Give a(9).
-1
Let q(g) = g - 8. Let c(j) = -j**2 + 8*j - 9. Let b be c(6). Suppose w = -b*s + 1, -3*w + 17 = -0*w - 5*s. Determine q(w).
-4
Let g be 2/8 - (-15)/4. Let y be -10*(-1 - 0/(-3)). Suppose 2*a + j = -g*j + y, j = -4*a + 20. Let p(f) = -f**2 + 4*f + 1. Calculate p(a).
-4
Let p(x) = -x**3 + 2*x**2 + 2. Suppose 0 = -0*s - 3*s + 6. Give p(s).
2
Let m(q) = q**3 - 9*q**2 - q + 5. Let z(l) = l**2 + 1. Let s(j) = -m(j) - 3*z(j). Give s(6).
-2
Let k(u) be the first derivative of -1/3*u**3 + 1/2*u**2 - 1/4*u**4 - 5*u - 2. What is k(0)?
-5
Let s be (-42)/(-9)*3/2. Let p(a) = -a**2 + 6*a + 6. Give p(s).
-1
Let c(d) be the third derivative of d**4/24 - 2*d**3/3 - 4*d**2. Give c(5).
1
Let j(y) = 5*y + 2. Let q(g) = -3*g - 1. Let x(v) = -4*j(v) - 7*q(v). Determine x(2).
1
Let f(t) = 2*t - 4. Let l be f(4). Suppose -j - l = 3*j, x = -4*j + 1. Let y(w) = -1 + 3*w - 1 - w. Calculate y(x).
8
Suppose 4*u - 5*a - 4 - 1 = 0, 10 = 5*u - 5*a. Let b(g) = -g**2 + 6*g - 2. Let y(r) = 2*r**2 - 13*r + 8. Let i(j) = -5*b(j) - 2*y(j). Determine i(u).
-1
Let i be -1 + 2/4 + 27/(-6). Let v(b) = b**3 + 5*b**2 + 3. Calculate v(i).
3
Let x(t) = 14*t**3 - 6 + 7*t - 7*t**2 - 7*t**3 - 2 - 6*t**3. What is x(6)?
-2
Let n(z) = 4*z - 2 - 3*z - 2. Let r(j) = -2. Let g(v) = v + 3. Let i(y) = 2*g(y) + 3*r(y). Let t be i(2). What is n(t)?
0
Let o(s) = 2*s**2 + 5*s + 3. Let k(n) = n**2 + 6*n - 3. Let f(t) = -17*t**3 - 1. Let l be f(-1). Let q = l - 22. Let a be k(q). Determine o(a).
6
Let h(w) = -18*w**3 + 2*w - 4*w**2 + 2 + 17*w**3 - 3*w. Calculate h(-3).
-4
Let v = 7 + -5. Let p(j) = -1 - 25*j**3 + 23*j**3 + 0*j**2 - v*j**2 - 1. What is p(-2)?
6
Let n(o) = o**2 - o. Suppose -j - j = -4*s + 46, -40 = -3*s - 4*j. Suppose f + s = 5*f. Suppose -f*p = 4*r - 2, -p = p + 2*r. What is n(p)?
6
Let k(y) = 3*y**2 - 3*y - 6. Suppose h = 1 - 3. Let o be (-5 - -9)/(1 + h). Let l(w) = -8*w**2 + 10*w + 18. Let i(p) = o*l(p) - 11*k(p). What is i(-4)?
6
Let r(w) be the second derivative of -4*w + 0 - 7/2*w**2 - 1/6*w**3. Let t be 3*-2 + (-1)/(-1). Give r(t).
-2
Let h = -21 + 23. Let f(r) be the first derivative of -1/2*r**h + 1 - 9*r. Calculate f(0).
-9
Let f(t) = 2*t + 2 - 2*t + 4*t. Calculate f(2).
10
Let q be 4/(-8) - 2*-1. Let m(j) be the second derivative of 0 + 1/2*j**2 - q*j**3 + j. What is m(1)?
-8
Let w = -15 - -16. Let q(d) = -7*d - 3 - 3 + 5. Give q(w).
-8
Let k(p) = 3*p - 6. Suppose 6 = -2*a - 4. Let s = -1 - a. What is k(s)?
6
Let k = -2 + 2. Suppose a - 2*a = k. Let r(s) = 3*s + 10. Let o(y) = -y - 1. Let j(t) = -4*o(t) - r(t). Calculate j(a).
-6
Let y(t) = t**3 + 9*t**2 + 6*t + 5. Suppose -80 = 9*a + a. Determine y(a).
21
Let b(l) be the first derivative of -l**4/12 - l**3 + l**2/2 + 4*l + 1. Let q(k) be the first derivative of b(k). Calculate q(-6).
1
Let z be (-15 - -3)*2/18*3. Let y(i) = -i - 4. Give y(z).
0
Let v(h) = -h**2 - h - 8. Let w be 0 - (-2 + (0 - 1)). Suppose -3*r - q = 33, w*r + 2*q = -2*q - 42. Let c = 10 + r. Give v(c).
-8
Let r(f) = -1 + 2*f**2 + 0*f**2 + 3*f**2 + f**3 - 6*f + 0*f**3. Give r(-6).
-1
Let a(s) = 4*s**3 + s**2 + s - 1. Let b(u) = -u**3 - 8*u**2 + 8*u - 8. Let j be b(-9). What is a(j)?
5
Let a(d) = -d**3 + 6*d**2 + 7*d - 2. Let v be (9 - 8)/(1/7). Determine a(v).
-2
Let h(p) = 4*p**2 - p**3 - 5*p**2 + 2 - 2. Determine h(0).
0
Let o(a) = a - 4. Suppose 5*i = 2*i + 96. Let z be (-2)/(-9) + i/18. Let d be z*(-4)/((-24)/(-9)). Determine o(d).
-7
Let l(m) be the third derivative of m**7/84 + m**4/24 - m**3/3 - 6*m**2. Let w(f) be the first derivative of l(f). What is w(-1)?
-9
Let b = 1 + 1. Let u(y) = -2 - b - 3 + y. Let c = -6 - -11. Calculate u(c).
-2
Let n(b) = b - 1. Let f(k) = -8*k + 8. Let c(j) = -f(j) - 4*n(j). Determine c(3).
8
Suppose -8 = -2*l - 2. Let t(q) = -2 + 16 - 6*q - 8 - l. What is t(2)?
-9
Let y(d) = -d**3 - d**2 + d - 1. Let w(j) = -3*j**3 - 9*j**2 + 7*j - 3. Let t(h) = w(h) - 4*y(h). Give t(3).
-8
Let u(l) = -l**2 - 9*l + 8. Let w be u(-10). Let o(c) be the second derivative of c**3/6 - 2*c. Determine o(w).
-2
Let f(z) = -z**